{"id":1598,"date":"2025-01-15T13:26:11","date_gmt":"2025-01-15T11:26:11","guid":{"rendered":"https:\/\/ambvilnius.esteri.it\/?page_id=1598"},"modified":"2026-01-23T15:05:40","modified_gmt":"2026-01-23T13:05:40","slug":"diventare-sponsor","status":"publish","type":"page","link":"https:\/\/ambvilnius.esteri.it\/lt\/chi-siamo\/la-sede\/diventare-sponsor\/","title":{"rendered":"Ambasados \u200b\u200bveiklos r\u0117mimas"},"content":{"rendered":"<div class=\"entry-content\">\n<p data-sourcepos=\"3:1-3:71\">Italijos ambasada Vilniuje \u0161iuo vie\u0161u prane\u0161imu ir su juo susijusiais priedais kvie\u010dia vie\u0161uosius ir (arba) priva\u010dius subjektus i\u0161reik\u0161ti savo nor\u0105 remti \u0161i\u0173 ir kit\u0173 rengini\u0173 organizavim\u0105:<\/p>\n<ul data-sourcepos=\"5:1-6:53\">\n<li data-sourcepos=\"5:1-5:34\">Respublikos dienos min\u0117jimas<\/li>\n<li data-sourcepos=\"6:1-6:53\">Renginiai, skirti Italijos ekonomikos ir kult\u016bros skatinimui<\/li>\n<li data-sourcepos=\"8:1-8:48\">Meno ir dizaino projektas ambasadoje (ADA)<\/li>\n<li data-sourcepos=\"9:1-9:38\">Ital\u0173 virtuv\u0117s savait\u0117 pasaulyje<\/li>\n<li data-sourcepos=\"10:1-11:0\">Ital\u0173 kalbos savait\u0117<\/li>\n<\/ul>\n<p>Priedai (\u017er. \u017eemiau):<\/p>\n<p>\u2013 Vie\u0161as prane\u0161imas apie r\u0117mim\u0105<\/p>\n<p>\u2013 Bendr\u0173j\u0173 reikalavim\u0173 deklaracija<\/p>\n<p>\u2013 Informacija apie fizini\u0173 asmen\u0173 asmens duomen\u0173 apsaug\u0105<\/p>\n<p><a href=\"https:\/\/ambvilnius.esteri.it\/wp-content\/uploads\/2024\/02\/AVVISO-sponsor_LT.pdf\">Prane\u0161imas<\/a><\/p>\n<p><a href=\"https:\/\/ambvilnius.esteri.it\/wp-content\/uploads\/2025\/01\/All.1_LT.docx\">All.1_LT<\/a><\/p>\n<p><a href=\"https:\/\/ambvilnius.esteri.it\/wp-content\/uploads\/2025\/01\/All.2_LT.docx\">All.2_LT<\/a><\/p>\n<\/div>\n","protected":false},"excerpt":{"rendered":"Italijos ambasada Vilniuje \u0161iuo vie\u0161u prane\u0161imu ir su juo susijusiais priedais kvie\u010dia vie\u0161uosius ir (arba) priva\u010dius subjektus i\u0161reik\u0161ti savo nor\u0105 remti \u0161i\u0173 ir kit\u0173 rengini\u0173 organizavim\u0105: Respublikos dienos min\u0117jimas Renginiai, skirti Italijos ekonomikos ir kult\u016bros skatinimui Meno ir dizaino projektas ambasadoje (ADA) Ital\u0173 virtuv\u0117s savait\u0117 pasaulyje Ital\u0173 kalbos savait\u0117 Priedai (\u017er. \u017eemiau): \u2013 Vie\u0161as prane\u0161imas [&hellip;]","protected":false},"author":4,"featured_media":0,"parent":162,"menu_order":0,"comment_status":"closed","ping_status":"closed","template":"","meta":{"footnotes":""},"class_list":["post-1598","page","type-page","status-publish","hentry"],"_links":{"self":[{"href":"https:\/\/ambvilnius.esteri.it\/lt\/wp-json\/wp\/v2\/pages\/1598","targetHints":{"allow":["GET"]}}],"collection":[{"href":"https:\/\/ambvilnius.esteri.it\/lt\/wp-json\/wp\/v2\/pages"}],"about":[{"href":"https:\/\/ambvilnius.esteri.it\/lt\/wp-json\/wp\/v2\/types\/page"}],"author":[{"embeddable":true,"href":"https:\/\/ambvilnius.esteri.it\/lt\/wp-json\/wp\/v2\/users\/4"}],"replies":[{"embeddable":true,"href":"https:\/\/ambvilnius.esteri.it\/lt\/wp-json\/wp\/v2\/comments?post=1598"}],"version-history":[{"count":5,"href":"https:\/\/ambvilnius.esteri.it\/lt\/wp-json\/wp\/v2\/pages\/1598\/revisions"}],"predecessor-version":[{"id":1891,"href":"https:\/\/ambvilnius.esteri.it\/lt\/wp-json\/wp\/v2\/pages\/1598\/revisions\/1891"}],"up":[{"embeddable":true,"href":"https:\/\/ambvilnius.esteri.it\/lt\/wp-json\/wp\/v2\/pages\/162"}],"wp:attachment":[{"href":"https:\/\/ambvilnius.esteri.it\/lt\/wp-json\/wp\/v2\/media?parent=1598"}],"curies":[{"name":"wp","href":"https:\/\/api.w.org\/{rel}","templated":true}]}}

Ambasados ​​veiklos rėmimas

<div class="entry-content">
<p data-sourcepos="3:1-3:71">Italijos ambasada Vilniuje šiuo viešu pranešimu ir su juo susijusiais priedais kviečia viešuosius ir (arba) privačius subjektus išreikšti savo norą remti šių ir kitų renginių organizavimą:</p>
<ul data-sourcepos="5:1-6:53">
<li data-sourcepos="5:1-5:34">Respublikos dienos minėjimas</li>
<li data-sourcepos="6:1-6:53">Renginiai, skirti Italijos ekonomikos ir kultūros skatinimui</li>
<li data-sourcepos="8:1-8:48">Meno ir dizaino projektas ambasadoje (ADA)</li>
<li data-sourcepos="9:1-9:38">Italų virtuvės savaitė pasaulyje</li>
<li data-sourcepos="10:1-11:0">Italų kalbos savaitė</li>
</ul>
<p>Priedai (žr. žemiau):</p>
<p>– Viešas pranešimas apie rėmimą</p>
<p>– Bendrųjų reikalavimų deklaracija</p>
<p>– Informacija apie fizinių asmenų asmens duomenų apsaugą</p>
<p><a href="https://ambvilnius.esteri.it/wp-content/uploads/2024/02/AVVISO-sponsor_LT.pdf">Pranešimas</a></p>
<p><a href="https://ambvilnius.esteri.it/wp-content/uploads/2025/01/All.1_LT.docx">All.1_LT</a></p>
<p><a href="https://ambvilnius.esteri.it/wp-content/uploads/2025/01/All.2_LT.docx">All.2_LT</a></p>
</div>

Italijos ambasada Vilniuje šiuo viešu pranešimu ir su juo susijusiais priedais kviečia viešuosius ir (arba) privačius subjektus išreikšti savo norą remti šių ir kitų renginių organizavimą: Respublikos dienos minėjimas Renginiai, skirti Italijos ekonomikos ir kultūros skatinimui Meno ir dizaino projektas ambasadoje (ADA) Italų virtuvės savaitė pasaulyje Italų kalbos savaitė Priedai (žr. žemiau): – Viešas pranešimas [&hellip;]
