{"id":1588,"date":"2025-01-15T13:21:50","date_gmt":"2025-01-15T11:21:50","guid":{"rendered":"https:\/\/ambvilnius.esteri.it\/?page_id=1588"},"modified":"2026-01-09T15:32:57","modified_gmt":"2026-01-09T13:32:57","slug":"locazione-della-residenza","status":"publish","type":"page","link":"https:\/\/ambvilnius.esteri.it\/it\/chi-siamo\/la-sede\/locazione-della-residenza\/","title":{"rendered":"Locazione della Residenza"},"content":{"rendered":"<h1>Locazione temporanea degli spazi in Residenza (anno 2026)<\/h1>\n<p><strong>\u00a0<\/strong><strong><u>Tipologia delle manifestazioni consentite:<\/u><\/strong><\/p>\n<ul>\n<li>Attivit\u00e0 congressuali, assembleari, culturali, scientifiche, sociali;<\/li>\n<li>Attivit\u00e0 promozionali;<\/li>\n<li>Attivit\u00e0 di rappresentanza per le imprese e associazioni;<\/li>\n<li>Eventi privati.<\/li>\n<\/ul>\n<p>Si specifica che tutte le attivit\u00e0 ed eventi organizzati negli spazi concessi devono garantire un carattere d\u2019italianit\u00e0 e\/o promuovere la valorizzazione dell\u2019Italia.<\/p>\n<h1>Spazi e locali fruibili:<\/h1>\n<ul>\n<li>Saloni da ricevimento con esposizione delle opere d\u2019arte del progetto \u201cArte in Ambasciata: Italia Contemporanea a Vilnius\u201d, ingresso, guardaroba e servizi per una capienza massima di 120 persone;<\/li>\n<li>Cucina;<\/li>\n<li>Servizi igienici;<\/li>\n<li>Totem digitale;<\/li>\n<li>Impianto audio con microfoni wireless<\/li>\n<\/ul>\n<p>Si intendono esclusi tutti gli altri spazi non elencati.<\/p>\n<h1>Condizioni per la messa a disposizione di spazi e locali<\/h1>\n<p>La messa a disposizione dei locali della Residenza \u00e8 subordinata al pagamento di un contributo di 2.000 Euro al giorno.<\/p>\n<p>Le somme sopra indicate includono l\u2019impiego delle utenze elettriche, dell\u2019acqua e del riscaldamento dei locali per il periodo strettamente limitato allo svolgimento dell\u2019evento.<\/p>\n<p>Eventuali costi aggiuntivi per i servizi accessori (reception, guardaroba, ripristino locali, ecc.) saranno quantificati di volta in volta a seconda della tipologia dell\u2019evento.<\/p>\n<p>\u00c8 fatta salva la discrezionalit\u00e0 della Sede di applicare contributi di favore o anche di gratuit\u00e0 per Enti, Associazioni, Comitati ed Organismi non aventi scopo di lucro, purch\u00e9 le attivit\u00e0 per le quali sia eventualmente richiesta la messa a disposizione degli spazi e dei locali concorrano prevalentemente al perseguimento di un interesse pubblico ovvero di una finalit\u00e0 istituzionale.<\/p>\n<p>La disponibilit\u00e0 degli spazi e dei locali \u00e8 subordinata a specifica verifica da parte di questa Ambasciata, alla quale in via esclusiva compete la valutazione della compatibilit\u00e0 della manifestazione con le prioritarie finalit\u00e0 istituzionali della Sede.<\/p>\n<p>Per eventuali manifestazioni di interesse ovvero richieste di maggiori informazioni, si\u00a0\u00a0 prega\u00a0\u00a0 di inviare all\u2019indirizzo e-mail <a href=\"mailto:commerciale.vilnius@esteri.it\">commerciale.vilnius@esteri.it<\/a> un modulo compilato di richiesta evento oppure contattare\u00a0\u00a0 questa\u00a0\u00a0 Sede\u00a0\u00a0 al numero telefonico +370 5 2120620\/21\/22.<\/p>\n<p><img loading=\"lazy\" decoding=\"async\" class=\"alignnone size-medium wp-image-1571 img-fluid\" src=\"https:\/\/ambvilnius.esteri.it\/wp-content\/uploads\/2025\/01\/Foto3-300x225.jpg\" alt=\"\" width=\"300\" height=\"225\" srcset=\"https:\/\/ambvilnius.esteri.it\/wp-content\/uploads\/2025\/01\/Foto3-300x225.jpg 300w, https:\/\/ambvilnius.esteri.it\/wp-content\/uploads\/2025\/01\/Foto3-1024x768.jpg 1024w, https:\/\/ambvilnius.esteri.it\/wp-content\/uploads\/2025\/01\/Foto3-768x576.jpg 768w, https:\/\/ambvilnius.esteri.it\/wp-content\/uploads\/2025\/01\/Foto3.jpg 1920w\" sizes=\"auto, (max-width: 300px) 100vw, 300px\" \/><img loading=\"lazy\" decoding=\"async\" class=\"alignnone size-medium wp-image-1570 img-fluid\" src=\"https:\/\/ambvilnius.esteri.it\/wp-content\/uploads\/2025\/01\/Foto4-300x225.jpg\" alt=\"\" width=\"300\" height=\"225\" srcset=\"https:\/\/ambvilnius.esteri.it\/wp-content\/uploads\/2025\/01\/Foto4-300x225.jpg 300w, https:\/\/ambvilnius.esteri.it\/wp-content\/uploads\/2025\/01\/Foto4-1024x768.jpg 1024w, https:\/\/ambvilnius.esteri.it\/wp-content\/uploads\/2025\/01\/Foto4-768x576.jpg 768w, https:\/\/ambvilnius.esteri.it\/wp-content\/uploads\/2025\/01\/Foto4.jpg 1920w\" sizes=\"auto, (max-width: 300px) 100vw, 300px\" \/><img loading=\"lazy\" decoding=\"async\" class=\"alignnone size-medium wp-image-1568 img-fluid\" src=\"https:\/\/ambvilnius.esteri.it\/wp-content\/uploads\/2025\/01\/Foto5-300x225.jpg\" alt=\"\" width=\"300\" height=\"225\" srcset=\"https:\/\/ambvilnius.esteri.it\/wp-content\/uploads\/2025\/01\/Foto5-300x225.jpg 300w, https:\/\/ambvilnius.esteri.it\/wp-content\/uploads\/2025\/01\/Foto5-1024x768.jpg 1024w, https:\/\/ambvilnius.esteri.it\/wp-content\/uploads\/2025\/01\/Foto5-768x576.jpg 768w, https:\/\/ambvilnius.esteri.it\/wp-content\/uploads\/2025\/01\/Foto5.jpg 1920w\" sizes=\"auto, (max-width: 300px) 100vw, 300px\" \/><img loading=\"lazy\" decoding=\"async\" class=\"alignnone size-medium wp-image-1572 img-fluid\" src=\"https:\/\/ambvilnius.esteri.it\/wp-content\/uploads\/2025\/01\/Foto1-300x225.jpg\" alt=\"\" width=\"300\" height=\"225\" srcset=\"https:\/\/ambvilnius.esteri.it\/wp-content\/uploads\/2025\/01\/Foto1-300x225.jpg 300w, https:\/\/ambvilnius.esteri.it\/wp-content\/uploads\/2025\/01\/Foto1-1024x768.jpg 1024w, https:\/\/ambvilnius.esteri.it\/wp-content\/uploads\/2025\/01\/Foto1-768x576.jpg 768w, https:\/\/ambvilnius.esteri.it\/wp-content\/uploads\/2025\/01\/Foto1.jpg 1920w\" sizes=\"auto, (max-width: 300px) 100vw, 300px\" \/><\/p>\n","protected":false},"excerpt":{"rendered":"Locazione temporanea degli spazi in Residenza (anno 2026) \u00a0Tipologia delle manifestazioni consentite: Attivit\u00e0 congressuali, assembleari, culturali, scientifiche, sociali; Attivit\u00e0 promozionali; Attivit\u00e0 di rappresentanza per le imprese e associazioni; Eventi privati. Si specifica che tutte le attivit\u00e0 ed eventi organizzati negli spazi concessi devono garantire un carattere d\u2019italianit\u00e0 e\/o promuovere la valorizzazione dell\u2019Italia. Spazi e locali [&hellip;]","protected":false},"author":4,"featured_media":0,"parent":39,"menu_order":0,"comment_status":"closed","ping_status":"closed","template":"","meta":{"footnotes":""},"class_list":["post-1588","page","type-page","status-publish","hentry"],"_links":{"self":[{"href":"https:\/\/ambvilnius.esteri.it\/it\/wp-json\/wp\/v2\/pages\/1588","targetHints":{"allow":["GET"]}}],"collection":[{"href":"https:\/\/ambvilnius.esteri.it\/it\/wp-json\/wp\/v2\/pages"}],"about":[{"href":"https:\/\/ambvilnius.esteri.it\/it\/wp-json\/wp\/v2\/types\/page"}],"author":[{"embeddable":true,"href":"https:\/\/ambvilnius.esteri.it\/it\/wp-json\/wp\/v2\/users\/4"}],"replies":[{"embeddable":true,"href":"https:\/\/ambvilnius.esteri.it\/it\/wp-json\/wp\/v2\/comments?post=1588"}],"version-history":[{"count":2,"href":"https:\/\/ambvilnius.esteri.it\/it\/wp-json\/wp\/v2\/pages\/1588\/revisions"}],"predecessor-version":[{"id":1861,"href":"https:\/\/ambvilnius.esteri.it\/it\/wp-json\/wp\/v2\/pages\/1588\/revisions\/1861"}],"up":[{"embeddable":true,"href":"https:\/\/ambvilnius.esteri.it\/it\/wp-json\/wp\/v2\/pages\/39"}],"wp:attachment":[{"href":"https:\/\/ambvilnius.esteri.it\/it\/wp-json\/wp\/v2\/media?parent=1588"}],"curies":[{"name":"wp","href":"https:\/\/api.w.org\/{rel}","templated":true}]}}

<h1>Locazione temporanea degli spazi in Residenza (anno 2026)</h1>
<p><strong> </strong><strong><u>Tipologia delle manifestazioni consentite:</u></strong></p>
<ul>
<li>Attività congressuali, assembleari, culturali, scientifiche, sociali;</li>
<li>Attività promozionali;</li>
<li>Attività di rappresentanza per le imprese e associazioni;</li>
<li>Eventi privati.</li>
</ul>
<p>Si specifica che tutte le attività ed eventi organizzati negli spazi concessi devono garantire un carattere d’italianità e/o promuovere la valorizzazione dell’Italia.</p>
<h1>Spazi e locali fruibili:</h1>
<ul>
<li>Saloni da ricevimento con esposizione delle opere d’arte del progetto “Arte in Ambasciata: Italia Contemporanea a Vilnius”, ingresso, guardaroba e servizi per una capienza massima di 120 persone;</li>
<li>Cucina;</li>
<li>Servizi igienici;</li>
<li>Totem digitale;</li>
<li>Impianto audio con microfoni wireless</li>
</ul>
<p>Si intendono esclusi tutti gli altri spazi non elencati.</p>
<h1>Condizioni per la messa a disposizione di spazi e locali</h1>
<p>La messa a disposizione dei locali della Residenza è subordinata al pagamento di un contributo di 2.000 Euro al giorno.</p>
<p>Le somme sopra indicate includono l’impiego delle utenze elettriche, dell’acqua e del riscaldamento dei locali per il periodo strettamente limitato allo svolgimento dell’evento.</p>
<p>Eventuali costi aggiuntivi per i servizi accessori (reception, guardaroba, ripristino locali, ecc.) saranno quantificati di volta in volta a seconda della tipologia dell’evento.</p>
<p>È fatta salva la discrezionalità della Sede di applicare contributi di favore o anche di gratuità per Enti, Associazioni, Comitati ed Organismi non aventi scopo di lucro, purché le attività per le quali sia eventualmente richiesta la messa a disposizione degli spazi e dei locali concorrano prevalentemente al perseguimento di un interesse pubblico ovvero di una finalità istituzionale.</p>
<p>La disponibilità degli spazi e dei locali è subordinata a specifica verifica da parte di questa Ambasciata, alla quale in via esclusiva compete la valutazione della compatibilità della manifestazione con le prioritarie finalità istituzionali della Sede.</p>
<p>Per eventuali manifestazioni di interesse ovvero richieste di maggiori informazioni, si   prega   di inviare all’indirizzo e-mail <a href="mailto:commerciale.vilnius@esteri.it">commerciale.vilnius@esteri.it</a> un modulo compilato di richiesta evento oppure contattare   questa   Sede   al numero telefonico +370 5 2120620/21/22.</p>
<p><img loading="lazy" decoding="async" class="alignnone size-medium wp-image-1571 img-fluid" src="https://ambvilnius.esteri.it/wp-content/uploads/2025/01/Foto3-300x225.jpg" alt="" width="300" height="225" srcset="https://ambvilnius.esteri.it/wp-content/uploads/2025/01/Foto3-300x225.jpg 300w, https://ambvilnius.esteri.it/wp-content/uploads/2025/01/Foto3-1024x768.jpg 1024w, https://ambvilnius.esteri.it/wp-content/uploads/2025/01/Foto3-768x576.jpg 768w, https://ambvilnius.esteri.it/wp-content/uploads/2025/01/Foto3.jpg 1920w" sizes="auto, (max-width: 300px) 100vw, 300px" /><img loading="lazy" decoding="async" class="alignnone size-medium wp-image-1570 img-fluid" src="https://ambvilnius.esteri.it/wp-content/uploads/2025/01/Foto4-300x225.jpg" alt="" width="300" height="225" srcset="https://ambvilnius.esteri.it/wp-content/uploads/2025/01/Foto4-300x225.jpg 300w, https://ambvilnius.esteri.it/wp-content/uploads/2025/01/Foto4-1024x768.jpg 1024w, https://ambvilnius.esteri.it/wp-content/uploads/2025/01/Foto4-768x576.jpg 768w, https://ambvilnius.esteri.it/wp-content/uploads/2025/01/Foto4.jpg 1920w" sizes="auto, (max-width: 300px) 100vw, 300px" /><img loading="lazy" decoding="async" class="alignnone size-medium wp-image-1568 img-fluid" src="https://ambvilnius.esteri.it/wp-content/uploads/2025/01/Foto5-300x225.jpg" alt="" width="300" height="225" srcset="https://ambvilnius.esteri.it/wp-content/uploads/2025/01/Foto5-300x225.jpg 300w, https://ambvilnius.esteri.it/wp-content/uploads/2025/01/Foto5-1024x768.jpg 1024w, https://ambvilnius.esteri.it/wp-content/uploads/2025/01/Foto5-768x576.jpg 768w, https://ambvilnius.esteri.it/wp-content/uploads/2025/01/Foto5.jpg 1920w" sizes="auto, (max-width: 300px) 100vw, 300px" /><img loading="lazy" decoding="async" class="alignnone size-medium wp-image-1572 img-fluid" src="https://ambvilnius.esteri.it/wp-content/uploads/2025/01/Foto1-300x225.jpg" alt="" width="300" height="225" srcset="https://ambvilnius.esteri.it/wp-content/uploads/2025/01/Foto1-300x225.jpg 300w, https://ambvilnius.esteri.it/wp-content/uploads/2025/01/Foto1-1024x768.jpg 1024w, https://ambvilnius.esteri.it/wp-content/uploads/2025/01/Foto1-768x576.jpg 768w, https://ambvilnius.esteri.it/wp-content/uploads/2025/01/Foto1.jpg 1920w" sizes="auto, (max-width: 300px) 100vw, 300px" /></p>

Locazione temporanea degli spazi in Residenza (anno 2026)  Tipologia delle manifestazioni consentite: Attività congressuali, assembleari, culturali, scientifiche, sociali; Attività promozionali; Attività di rappresentanza per le imprese e associazioni; Eventi privati. Si specifica che tutte le attività ed eventi organizzati negli spazi concessi devono garantire un carattere d’italianità e/o promuovere la valorizzazione dell’Italia. Spazi e locali [&hellip;]
